{"id":978,"date":"2015-09-07T14:46:39","date_gmt":"2015-09-07T13:46:39","guid":{"rendered":"https:\/\/photographie.heaj.be\/?page_id=978"},"modified":"2020-04-29T11:20:20","modified_gmt":"2020-04-29T10:20:20","slug":"briefing","status":"publish","type":"page","link":"https:\/\/photographie.heaj.be\/?page_id=978","title":{"rendered":"Briefing et grille d&rsquo;\u00e9valuation"},"content":{"rendered":"<p><strong>Le briefing de l&rsquo;unit\u00e9 d&rsquo;enseignement UE1.50 pour l&rsquo;ann\u00e9e\u00a0est situ\u00e9 sur le serveur dans le r\u00e9pertoire suivant :\u00a0<\/strong><\/p>\n<p><strong>\/Net-1ti\/Prof\/MarbehantL\/UE150_photo1920_B1classegroupe_nom_prenom<\/strong><\/p>\n<p>&nbsp;<\/p>\n<p>&nbsp;<\/p>\n","protected":false},"excerpt":{"rendered":"<p>Le briefing de l&rsquo;unit\u00e9 d&rsquo;enseignement UE1.50 pour l&rsquo;ann\u00e9e\u00a0est situ\u00e9 sur le serveur dans le r\u00e9pertoire suivant :\u00a0 \/Net-1ti\/Prof\/MarbehantL\/UE150_photo1920_B1classegroupe_nom_prenom &nbsp; &nbsp;<\/p>\n","protected":false},"author":1,"featured_media":0,"parent":0,"menu_order":0,"comment_status":"closed","ping_status":"closed","template":"","meta":{"footnotes":""},"class_list":["post-978","page","type-page","status-publish","hentry"],"_links":{"self":[{"href":"https:\/\/photographie.heaj.be\/index.php?rest_route=\/wp\/v2\/pages\/978","targetHints":{"allow":["GET"]}}],"collection":[{"href":"https:\/\/photographie.heaj.be\/index.php?rest_route=\/wp\/v2\/pages"}],"about":[{"href":"https:\/\/photographie.heaj.be\/index.php?rest_route=\/wp\/v2\/types\/page"}],"author":[{"embeddable":true,"href":"https:\/\/photographie.heaj.be\/index.php?rest_route=\/wp\/v2\/users\/1"}],"replies":[{"embeddable":true,"href":"https:\/\/photographie.heaj.be\/index.php?rest_route=%2Fwp%2Fv2%2Fcomments&post=978"}],"version-history":[{"count":21,"href":"https:\/\/photographie.heaj.be\/index.php?rest_route=\/wp\/v2\/pages\/978\/revisions"}],"predecessor-version":[{"id":2385,"href":"https:\/\/photographie.heaj.be\/index.php?rest_route=\/wp\/v2\/pages\/978\/revisions\/2385"}],"wp:attachment":[{"href":"https:\/\/photographie.heaj.be\/index.php?rest_route=%2Fwp%2Fv2%2Fmedia&parent=978"}],"curies":[{"name":"wp","href":"https:\/\/api.w.org\/{rel}","templated":true}]}}