{"id":913,"date":"2015-09-06T11:33:59","date_gmt":"2015-09-06T10:33:59","guid":{"rendered":"https:\/\/photographie.heaj.be\/?page_id=913"},"modified":"2018-03-15T20:27:57","modified_gmt":"2018-03-15T19:27:57","slug":"camera-obscura","status":"publish","type":"page","link":"https:\/\/photographie.heaj.be\/?page_id=913","title":{"rendered":"Camera obscura, st\u00e9nop\u00e9"},"content":{"rendered":"<p><strong>La \u00ab\u00a0Camera obscura\u00a0\u00bb, le st\u00e9nop\u00e9.<\/strong><\/p>\n<p>Potentiellement, n\u2019importe quel local peut devenir un appareil photographique.<\/p>\n<p class=\"alignnone\" style=\"text-align: left;\"><a href=\"https:\/\/photographie.heaj.be\/wp-content\/uploads\/2015\/09\/camera-obscura-diagram1.jpg\" target=\"_blank\"><img loading=\"lazy\" decoding=\"async\" class=\"aligncenter size-full wp-image-922\" title=\"camera-obscura-diagram\" src=\"https:\/\/photographie.heaj.be\/wp-content\/uploads\/2015\/09\/camera-obscura-diagram1.jpg\" alt=\"\" width=\"851\" height=\"624\" srcset=\"https:\/\/photographie.heaj.be\/wp-content\/uploads\/2015\/09\/camera-obscura-diagram1.jpg 851w, https:\/\/photographie.heaj.be\/wp-content\/uploads\/2015\/09\/camera-obscura-diagram1-300x219.jpg 300w\" sizes=\"auto, (max-width: 851px) 100vw, 851px\" \/><\/a>Pour cela, il nous faut mettre en place le c\u0153ur m\u00eame de tout appareil photographique, il nous faut cr\u00e9er une chambre noire. Il faut pour cela, le local doit r\u00e9pondre \u00e0 quelques caract\u00e9ristiques que voici\u00a0:<\/p>\n<p style=\"text-align: left;\">Vider le local de tout objet\u00a0; en faire une \u00ab\u00a0bo\u00eete\u00a0vide\u00a0\u00bb.<\/p>\n<p>Une obscurit\u00e9 totale est n\u00e9cessaire pour assurer le bon d\u00e9roulement de l\u2019exp\u00e9rience, il faut donc occulter enti\u00e8rement le local choisi, ne laisser aucun rayon de lumi\u00e8re p\u00e9n\u00e9trer dans la pi\u00e8ce. Renforcer la densit\u00e9 de l\u2019obscurit\u00e9 ainsi obtenue en peignant la pi\u00e8ce dans une couleur noire mate. Si le noir mat convient si parfaitement c\u2019est parce que celui-ci tendance \u00e0 absorber les rayons de lumi\u00e8re (celle que nous laisserons entrer dans le local par la suite). Un noir brillant aurait tendance \u00e0 la refl\u00e9ter et par la m\u00eame risquerait de g\u00e2cher le r\u00e9sultat que nous souhaitons r\u00e9ussir. De ce fait, toute surface brillante susceptible de r\u00e9fl\u00e9chir la lumi\u00e8re est \u00e0 prohiber \u00e0 l\u2019int\u00e9rieur de la pi\u00e8ce.<\/p>\n<p>L\u2019op\u00e9ration qui va suivre est l\u2019une des plus importantes dans la mise en place de notre chambre noire.<\/p>\n<p>Elle consiste \u00e0 percer un trou dans une des faces de la \u00ab\u00a0bo\u00eete\u00a0\u00bb, un trou d\u2019une dimension en rapport avec la grandeur de la bo\u00eete\u00a0; trou que nous nommerons st\u00e9nop\u00e9. (Nous d\u00e9ciderons par la suite de pr\u00e9ciser la dimension du percement effectu\u00e9). Nous constatons maintenant que la lumi\u00e8re p\u00e9n\u00e8tre par l\u2019orifice r\u00e9alis\u00e9. Nous pouvons visualiser les rayons de lumi\u00e8res inonder le local et aller frapper les surfaces planes de celui-ci. On peut ainsi voir ces rayons se mat\u00e9rialiser encore plus s\u00fbrement s\u2019il y a quelques poussi\u00e8res en suspension dans l\u2019air\u2026 Demandons-nous alors o\u00f9 se concentre essentiellement les rayons. Nous pouvons imaginer spontan\u00e9ment que la plus forte concentration de lumi\u00e8re se pr\u00e9sente au hauteur du percement. En fait, tous les rayons lumineux passent effectivement par le seul orifice cr\u00e9\u00e9. Puisque chacun des rayons suit un chemin \u00e0 l\u2019int\u00e9rieur de la bo\u00eete, certains rayons, arrivant plus directement par l\u2019orifice perc\u00e9, devraient frapper plus pr\u00e9cis\u00e9ment encore le mur situ\u00e9 en face de celui-ci. En nous orientant vers ce mur et en laissant le temps \u00e0 nos yeux de s\u2019habituer \u00e0 la p\u00e9nombre, nous allons distinguer peu \u00e0 peu des valeurs diff\u00e9rentes appara\u00eetrent sur cette surface plane. D\u2019abord peu discernables, ces formes vont constituer une image de plus en plus pr\u00e9cise compos\u00e9e de densit\u00e9s diff\u00e9rentes. L\u00e0 o\u00f9 la lumi\u00e8re vient frapper abondamment la surface plane, nous observerons des valeurs moins denses qu\u2019aux endroits o\u00f9 la lumi\u00e8re parvient en moindre quantit\u00e9. L\u2019image form\u00e9e par ces diff\u00e9rentes densit\u00e9s est la repr\u00e9sentation de ce qui se trouve \u00e0 l\u2019ext\u00e9rieur de notre bo\u00eete, ce qui se trouve en fait devant notre st\u00e9nop\u00e9. Si cette image est difficilement observable c\u2019est d\u2019une part parce que le noir \u00e0 tendance \u00e0 la faire appara\u00eetre dans des valeurs tr\u00e8s sombres et d\u2019autre part parce que cette image se trouve renvers\u00e9e sur l\u2019axe des X et Y. L\u2019image discern\u00e9e est en fait invers\u00e9e sur les deux axes par rapport \u00e0 la r\u00e9alit\u00e9 ext\u00e9rieure. Cette observation a \u00e9t\u00e9 r\u00e9alis\u00e9e d\u00e9j\u00e0 par le pass\u00e9 et le principe en est d\u00e9crit d\u00e8s Aristote et plusieurs fois \u00e9voqu\u00e9 par des auteurs du XIIIe si\u00e8cle (Roger Bacon, Guillaume de Saint-Cloud).<\/p>\n<p><a href=\"https:\/\/photographie.heaj.be\/wp-content\/uploads\/2015\/09\/IMG_3994.jpg\" target=\"_blank\"><img loading=\"lazy\" decoding=\"async\" class=\"alignnone wp-image-2353 size-full\" src=\"https:\/\/photographie.heaj.be\/wp-content\/uploads\/2015\/09\/IMG_3994.jpg\" alt=\"IMG_3994\" width=\"1852\" height=\"1417\" srcset=\"https:\/\/photographie.heaj.be\/wp-content\/uploads\/2015\/09\/IMG_3994.jpg 1852w, https:\/\/photographie.heaj.be\/wp-content\/uploads\/2015\/09\/IMG_3994-300x230.jpg 300w, https:\/\/photographie.heaj.be\/wp-content\/uploads\/2015\/09\/IMG_3994-768x588.jpg 768w, https:\/\/photographie.heaj.be\/wp-content\/uploads\/2015\/09\/IMG_3994-1024x783.jpg 1024w\" sizes=\"auto, (max-width: 1852px) 100vw, 1852px\" \/><\/a><\/p>\n<p>Liens \u00e0 consulter :<\/p>\n<p><a title=\"Morell\" href=\"http:\/\/www.abelardomorell.net\/posts\/camera-obscura\/\" target=\"_blank\">Abelardo Morell<\/a><\/p>\n<p><a title=\"Joergensen\" href=\"http:\/\/500th.net\/articles\/camera-obscura\" target=\"_blank\">\u00a0Martin Joergensen&rsquo;s photo web site<\/a><\/p>\n","protected":false},"excerpt":{"rendered":"<p>La \u00ab\u00a0Camera obscura\u00a0\u00bb, le st\u00e9nop\u00e9. Potentiellement, n\u2019importe quel local peut devenir un appareil photographique. Pour cela, il nous faut mettre en place le c\u0153ur m\u00eame de tout appareil photographique, il nous faut cr\u00e9er une chambre noire. Il faut pour cela, &hellip; <a href=\"https:\/\/photographie.heaj.be\/?page_id=913\">Continuer la lecture <span class=\"meta-nav\">&rarr;<\/span><\/a><\/p>\n","protected":false},"author":1,"featured_media":0,"parent":0,"menu_order":0,"comment_status":"closed","ping_status":"closed","template":"","meta":{"footnotes":""},"class_list":["post-913","page","type-page","status-publish","hentry"],"_links":{"self":[{"href":"https:\/\/photographie.heaj.be\/index.php?rest_route=\/wp\/v2\/pages\/913","targetHints":{"allow":["GET"]}}],"collection":[{"href":"https:\/\/photographie.heaj.be\/index.php?rest_route=\/wp\/v2\/pages"}],"about":[{"href":"https:\/\/photographie.heaj.be\/index.php?rest_route=\/wp\/v2\/types\/page"}],"author":[{"embeddable":true,"href":"https:\/\/photographie.heaj.be\/index.php?rest_route=\/wp\/v2\/users\/1"}],"replies":[{"embeddable":true,"href":"https:\/\/photographie.heaj.be\/index.php?rest_route=%2Fwp%2Fv2%2Fcomments&post=913"}],"version-history":[{"count":20,"href":"https:\/\/photographie.heaj.be\/index.php?rest_route=\/wp\/v2\/pages\/913\/revisions"}],"predecessor-version":[{"id":2355,"href":"https:\/\/photographie.heaj.be\/index.php?rest_route=\/wp\/v2\/pages\/913\/revisions\/2355"}],"wp:attachment":[{"href":"https:\/\/photographie.heaj.be\/index.php?rest_route=%2Fwp%2Fv2%2Fmedia&parent=913"}],"curies":[{"name":"wp","href":"https:\/\/api.w.org\/{rel}","templated":true}]}}