{"id":2111,"date":"2016-09-18T20:50:56","date_gmt":"2016-09-18T19:50:56","guid":{"rendered":"https:\/\/photographie.heaj.be\/?page_id=2111"},"modified":"2017-09-03T19:46:11","modified_gmt":"2017-09-03T18:46:11","slug":"reglages-des-apn","status":"publish","type":"page","link":"https:\/\/photographie.heaj.be\/?page_id=2111","title":{"rendered":"Capturer la lumi\u00e8re"},"content":{"rendered":"<p>Comprendre en quoi consiste le travail de l&rsquo;exposition, c&rsquo;est s&rsquo;ouvrir \u00e0 une multitude de possibilit\u00e9s photographiques&#8230; Et donc \u00e0 la r\u00e9alisation d&rsquo;autant de photographies diff\u00e9rentes d&rsquo;un m\u00eame sujet !<\/p>\n<p>Si faire varier le cadrage, corriger la perspective, changer de point de vue et reconsid\u00e9rer la composition d&rsquo;image est d\u00e9j\u00e0 une excellente chose, bien conna\u00eetre et finalement ma\u00eetriser les r\u00e9glages qu&rsquo;offrent certains appareils permet de r\u00e9aliser des choses encore bien diff\u00e9rentes et d&rsquo;aborder pleinement le c\u00f4t\u00e9 cr\u00e9atif de la photographie.<\/p>\n","protected":false},"excerpt":{"rendered":"<p>Comprendre en quoi consiste le travail de l&rsquo;exposition, c&rsquo;est s&rsquo;ouvrir \u00e0 une multitude de possibilit\u00e9s photographiques&#8230; Et donc \u00e0 la r\u00e9alisation d&rsquo;autant de photographies diff\u00e9rentes d&rsquo;un m\u00eame sujet ! Si faire varier le cadrage, corriger la perspective, changer de point &hellip; <a href=\"https:\/\/photographie.heaj.be\/?page_id=2111\">Continuer la lecture <span class=\"meta-nav\">&rarr;<\/span><\/a><\/p>\n","protected":false},"author":1,"featured_media":0,"parent":0,"menu_order":0,"comment_status":"closed","ping_status":"closed","template":"","meta":{"footnotes":""},"class_list":["post-2111","page","type-page","status-publish","hentry"],"_links":{"self":[{"href":"https:\/\/photographie.heaj.be\/index.php?rest_route=\/wp\/v2\/pages\/2111","targetHints":{"allow":["GET"]}}],"collection":[{"href":"https:\/\/photographie.heaj.be\/index.php?rest_route=\/wp\/v2\/pages"}],"about":[{"href":"https:\/\/photographie.heaj.be\/index.php?rest_route=\/wp\/v2\/types\/page"}],"author":[{"embeddable":true,"href":"https:\/\/photographie.heaj.be\/index.php?rest_route=\/wp\/v2\/users\/1"}],"replies":[{"embeddable":true,"href":"https:\/\/photographie.heaj.be\/index.php?rest_route=%2Fwp%2Fv2%2Fcomments&post=2111"}],"version-history":[{"count":3,"href":"https:\/\/photographie.heaj.be\/index.php?rest_route=\/wp\/v2\/pages\/2111\/revisions"}],"predecessor-version":[{"id":2318,"href":"https:\/\/photographie.heaj.be\/index.php?rest_route=\/wp\/v2\/pages\/2111\/revisions\/2318"}],"wp:attachment":[{"href":"https:\/\/photographie.heaj.be\/index.php?rest_route=%2Fwp%2Fv2%2Fmedia&parent=2111"}],"curies":[{"name":"wp","href":"https:\/\/api.w.org\/{rel}","templated":true}]}}